5*k - 29 - 1 = 0. What are the prime factors of 0 + 0 - k*12?
2, 3
Let c(t) = 11*t - 26. Let l be c(13). Suppose -3*m = -2*g + 3*g - l, m - 2*g = 39. List the prime factors of m.
3, 13
Let z(a) = -3 - 48*a - 37*a + a - 12*a. Let b be z(3). List the prime factors of b/(-12) - 1/4.
2, 3
Suppose -4*t = -s + 2464, -8*s - 3*t = -3*s - 12435. List the prime factors of s.
2, 3, 23
Let p(y) = 369*y**2 - y. What are the prime factors of p(-1)?
2, 5, 37
Suppose -3*s = 7*x - 4*x - 1335, 1330 = 3*x - 2*s. What are the prime factors of x?
2, 3, 37
Let n = -17 - -21. Suppose n*t - 19 = -4*f + 7*t, t + 5 = f. List the prime factors of 19/4 - f/(-16).
5
Let t(a) = a**2 - 9*a + 16. Let k be t(7). Suppose -s = k*s - 864. Suppose -s + 89 = -3*p + 2*r, -3*p - 2*r + 179 = 0. List the prime factors of p.
3, 7
List the prime factors of (4/(-5))/((-2)/3220).
2, 7, 23
Suppose 0 = 4*o + 2*s + 372, -4*o - 292 = -o - 5*s. Let k = 168 + o. What are the prime factors of k?
2, 37
Let j(f) = f + 8. Let l be j(-3). Suppose 2*d + 22 = 2*y, -l*y - 5*d - 23 + 98 = 0. List the prime factors of y.
13
Let s = 556 - 244. Suppose -p + 250 = 3*d, -5*p + s = 4*d - 9*p. List the prime factors of d.
2, 41
Let g(r) = -r**3 - 4*r**2 + r + 5. Let a be g(-4). Suppose -w - 7 = -3*c - 3*w, -3*c - a = -2*w. List the prime factors of (-3 + c)/((-4)/86).
43
Suppose 5*w + 572 = 3*w. Let o = 465 + w. List the prime factors of o.
179
List the prime factors of 660/1210 + 18446/22.
839
Let z(x) = -x**3 + 8*x + 3. Let d(n) be the third derivative of -n**5/60 + n**4/12 - n**3/6 - 10*n**2. Let j be d(3). What are the prime factors of z(j)?
5, 7
Suppose 0 = -v - 0*v - 115. List the prime factors of v/(-5)*4/2.
2, 23
Let y(w) = -10*w - 10. Let n be y(-5). Let c = -26 + n. Suppose 150 = c*k - 9*k. List the prime factors of k.
2, 3, 5
Let v(w) = -w**2 - 4*w + 1. Let p be v(-4). List the prime factors of 8/(-2) - ((-1592)/p)/8.
3, 5, 13
Suppose -42 + 4 = -f. Suppose -40*a + f*a = -292. List the prime factors of a.
2, 73
List the prime factors of (-18704)/(-42)*9/6.
2, 167
Let t = 8 - 17. Let m(z) = z**3 + 10*z**2 + 8*z + 1. Let b be m(t). List the prime factors of (440/(-100))/((-2)/b).
2, 11
Let w = 7597 - 4444. List the prime factors of w.
3, 1051
Let h(o) = o**3 + 2*o**2 + 3*o + 1133. What are the prime factors of h(0)?
11, 103
Let o(z) be the third derivative of 7*z**4/24 - z**3/3 - 6*z**2. Let v be o(3). Suppose -2*r + 3*r = v. List the prime factors of r.
19
Let c = -806 - -5028. List the prime factors of c.
2, 2111
Let x(v) = v**3 + 23*v**2 - 33*v - 14. Let d be x(-24). Suppose d = 6*u - 158. What are the prime factors of u?
2, 3, 5
Let m be (15 + 0)*((-4)/(-12))/1. Suppose 2*k = 3*k + m*y - 109, y + 3 = 0. What are the prime factors of k?
2, 31
Let v be ((-6)/3 - 2) + 40. Suppose 0 = 4*h - 36 - v. What are the prime factors of (-40)/(-3) + (-6)/h?
13
Let y = -108 + 195. Let m = 148 - y. Suppose 0 = -5*z + 54 + m. What are the prime factors of z?
23
Let g = -15 - -1. Let p(o) = -7*o - 11. What are the prime factors of p(g)?
3, 29
Let t = -409 - -701. List the prime factors of t.
2, 73
Let k be (1*(-1)/3)/(2/(-18)). Suppose 0 = -3*r - 4*u + u + 468, 313 = 2*r + k*u. List the prime factors of r.
5, 31
Let u(w) = w**2 - 18*w + 7. Let q(o) = -3*o + 1. Let k(s) = -7*s + 2. Let x(b) = -2*k(b) + 5*q(b). Let j(p) = -u(p) + 4*x(p). List the prime factors of j(10).
37
Suppose -45*z + 3*z = -54768. What are the prime factors of z?
2, 163
Let i(s) = -2*s**3 - 17*s**2 - 32*s - 88. List the prime factors of i(-13).
43
Let u = 227 + -139. Let o = 44 + -26. Suppose 0 = 2*z - u + o. What are the prime factors of z?
5, 7
Suppose 5*u - 7058 - 8537 = 0. List the prime factors of u.
3119
Let s = 5174 + -1686. Suppose -12*y + s = 896. What are the prime factors of y?
2, 3
Suppose 7*f + 13 + 15 = 0. List the prime factors of 4/(-6)*(f - (-638)/(-4)).
109
Let w(r) = r**3 - 27*r**2 - 25*r + 169. List the prime factors of w(28).
11, 23
Let y(f) = f**2 + 8*f + 8. Let u be y(-6). Let q = 11 + u. What are the prime factors of (-3 - q)/((-2)/6)?
2, 3, 5
Suppose 5*l + 2 = 4*l, 0 = c + l - 251. List the prime factors of c.
11, 23
Let z be 2/(0 + (-10)/385). Let b = -11 - z. List the prime factors of b.
2, 3, 11
Let j = -507 + 807. What are the prime factors of j?
2, 3, 5
Let v = -52 + 55. Suppose v*o - 8*o = -75. List the prime factors of o.
3, 5
Suppose 0 = 20*d + 6657 - 18757. List the prime factors of d.
5, 11
Let g = -4 + -5. What are the prime factors of g/(36/(-16))*3?
2, 3
Suppose 5*y = 1493 + 2027. What are the prime factors of y?
2, 11
Let j = 1179 - 221. What are the prime factors of j?
2, 479
Suppose -5*n = -5*q + 114 + 2976, -4*n - 1238 = -2*q. List the prime factors of q.
617
Suppose 0 = 4*d + 3*h + 677, -5*d + 6*d + 158 = -3*h. Let u = d + 262. List the prime factors of u.
89
Let w(c) = 3*c**2 + 6*c - 6. Suppose 9 + 3 = 6*m. Suppose -1 = -3*l - 4*f, -3*l + m*l + 5*f = 25. What are the prime factors of w(l)?
3, 13
Suppose p - 4*a = 3 + 8, 0 = -4*p - a + 10. Suppose 14*o - 16*o = -4. Suppose 4*v - 8 = 0, -o*v = -0*k - p*k + 8. What are the prime factors of k?
2
Let a = -30 + 28. Let r be (10/15)/(a/(-6)). Let o = 17 - r. What are the prime factors of o?
3, 5
Let b(o) = -o**3 + 12*o**2 - 16*o + 10. Let r be 2/8 - 195/(-20). List the prime factors of b(r).
2, 5
Let j = -27 + 30. Suppose -3*x = -5*a - 272, x - 31 = j*a + 61. What are the prime factors of x?
89
Let b be (-5 - 3 - 2)/(-2). What are the prime factors of b/((-5)/(-73)) - 0?
73
Let d(i) = -38*i**3 - 3*i**2 + 9*i - 5. What are the prime factors of d(-3)?
967
Let f(c) = -3*c**2 + 19*c + 23. Let l(k) = -2*k**2 + 9*k + 11. Let t(a) = 3*f(a) - 5*l(a). Let s = -24 + 13. List the prime factors of t(s).
3
Let g(b) = 9*b + 20. Suppose 0 = w + 4. Let k = w + 9. List the prime factors of g(k).
5, 13
Let c be 1/4 - 1074/(-24). Suppose 0 + c = f. What are the prime factors of f?
3, 5
Let i = 30 - 28. Suppose i*v + 2*v + 4*a = 624, -760 = -5*v - a. What are the prime factors of v?
151
Suppose -56442 = -10*s - 13*s. What are the prime factors of s?
2, 3, 409
Let z(v) = v**2 + 2*v + 4. Let y be ((-4)/10)/((-2)/(-10)). List the prime factors of z(y).
2
Let d = 2250 - 559. List the prime factors of d.
19, 89
Suppose s - 3*p + 11 = 0, 3*s + 14 - 1 = 4*p. Suppose n - 3 = s. Let q = 21 - n. List the prime factors of q.
17
Let u(c) = -c - 5. Let n be u(-9). Suppose -d = -2*m - 4, -n*m = -5 + 13. Suppose 2*q - a - 82 = -q, 2*q - a - 54 = d. What are the prime factors of q?
2, 7
Suppose -l + 793 = -3*v, 5*v - 6*l + 1310 = -2*l. Let d = -158 - v. List the prime factors of d.
2, 3
Suppose 23*b - 4259 = 3860. List the prime factors of b.
353
Let r be (4/3)/((-20)/14670). Let p = -674 - r. List the prime factors of p.
2, 19
Suppose 5*a + 17 = 3*c, 5*a + 0*c - 4*c + 16 = 0. Let h = a + 6. Suppose 64 = h*i + 5*b, 3*i - 4*b = -3*b + 79. What are the prime factors of i?
3
Suppose -5*m + 3*j + 3510 = 0, -5*j - 1842 + 419 = -2*m. What are the prime factors of m?
3, 233
Let n(p) = p**3 - 73*p**2 + 105*p - 108. What are the prime factors of n(72)?
2, 3, 7
Suppose 2*d + 5 = -25. Suppose -s - s = -4*a - 118, -3 = 3*s. List the prime factors of ((-24)/d)/((-3)/a).
2
Suppose 4*b = -m, -17 = -m - 3*m + b. Suppose -w - 7 = -m*z - 116, 0 = 2*w + z - 173. List the prime factors of w.
89
Let j = 302 + -49. What are the prime factors of j?
11, 23
Let d = -426 - -911. What are the prime factors of d?
5, 97
Let n(m) = m**3 + 2*m**2 - 4*m + 6. Let p be n(-5). List the prime factors of (-6)/(-21) - 13118/p.
2, 67
Let i(c) = -c**3 + 6*c**2 - 5*c - 1. Let n be i(5). What are the prime factors of n/(2 + 0)*-134?
67
Suppose 0 = 15*s - 11*s - 820. Let v = s - 54. What are the prime factors of v?
151
Suppose -w - c = -8, 2*w + 3*c + 14 - 33 = 0. Suppose 2*y = i - 50, w*i + 24 = 4*y + 298. List the prime factors of i.
2, 29
Suppose 16 = 2*q + 6. Suppose -q*f + 215 + 303 = 3*u, 4*u + 440 = 4*f. What are the prime factors of f?
2, 53
Suppose 0 = 8*i + 1707 - 17619. What are the prime factors of i?
3, 13, 17
Suppose 47*y + 20 = 49*y. Suppose -3*z + 4 = 3*a - 7*z, 0 = 5*a - 2*z - 2. Suppose a = -8*q + y*q - 62. List the prime factors of q.
31
Let s(m) = m**2 + 6*m - 4. Let j be s(9). Let u = -92 + j. What are the prim